 be (6 - 0)*1/2. Calculate the remainder when -62*(n/(-6) + 0) is divided by 11.
9
Suppose 3*j - 3*s = j, 5*j = s + 13. Suppose -20 = 5*d, 5*o + j*d - 5*d - 43 = 0. Calculate the remainder when o is divided by (-27)/(-5) + (-2)/5.
2
Let z(a) be the second derivative of a**4/6 - a**3/2 + 5*a**2/2 + 3*a. Calculate the remainder when z(4) is divided by 9.
7
Suppose 5 - 17 = 3*p. What is the remainder when 9/(3*(-3)/(-12)) is divided by 2/(-4) - 30/p?
5
Let i = -10 - -42. Calculate the remainder when (138/(-4))/((-6)/8) is divided by 2/(1/(i/4)).
14
Let h(c) = c + 6. Suppose -2*l = 2*l. Let s be h(l). Calculate the remainder when 21/5*(s + -1) is divided by 11.
10
Let v = -68 + 88. Calculate the remainder when v is divided by 8.
4
Suppose 0 = -14*y + 13*y + 71. Calculate the remainder when y is divided by 21.
8
Let p(g) = 2*g + 7. Let m = 33 - 24. What is the remainder when p(m) is divided by 13?
12
Suppose -5*c + 2*c - 78 = 0. Let b = -17 - c. What is the remainder when 33 is divided by b?
6
Let a(q) = -4*q + 3. Let j = 39 - 25. Calculate the remainder when a(-6) is divided by j.
13
Let i be (-189)/14 + 6/(-4). Let z(n) = n**2 + 14*n - 5. Calculate the remainder when 28 is divided by z(i).
8
Calculate the remainder when 39 is divided by 1*23 + (-2 - (0 - -1)).
19
Let q be (-3)/(-5) + (-117)/(-5). What is the remainder when 12 is divided by 7/3*q/8?
5
Let r = 213 - 37. Calculate the remainder when 1/(r/(-59) - -3) is divided by 15.
14
Suppose 4*t + 32 = 4*v, 4*v + 2*t - 3 = -1. Suppose n + 3 = v*y - 56, y - 15 = -2*n. Calculate the remainder when 56 is divided by y.
18
Let q = 77 - 35. Calculate the remainder when q is divided by 22.
20
Let x(y) = 5*y - 9. Let v(p) = -p + 13. What is the remainder when x(6) is divided by v(5)?
5
Suppose 2*m + 32 = 2*t, t = 4*m + 39 - 8. What is the remainder when 109 is divided by t?
10
Suppose 0 = 5*k + k - 66. What is the remainder when 28 is divided by k?
6
Suppose -h - b - 2 = -3*b, 4*b - 28 = 5*h. Let d be (h/6)/((-1)/6). Calculate the remainder when 30 is divided by (-2)/d - (-65)/4.
14
Let q be (-21)/9*-1*3. Let i(f) = f**2 - f. Let n be i(0). Let r = q - n. What is the remainder when 12 is divided by r?
5
Let q be ((-52)/(-6))/((-2)/(-6)). Suppose -4*r + q + 34 = 0. Calculate the remainder when r is divided by 4.
3
Let r(k) = 2*k**2 - k + 4. Calculate the remainder when r(3) is divided by 5.
4
Let n = -4 - 2. What is the remainder when 57 is divided by n/10 - 1030/(-50)?
17
Let w be 12/(-42) - (-191)/7. Suppose -6*m + m + 2*a = -39, -2*m = 3*a - w. Let y = -25 + 51. What is the remainder when y is divided by m?
8
Let p = 7 - 3. What is the remainder when p is divided by (24/(-18))/((-4)/6)?
0
Let i = 18 + -11. Let d = i + -4. Suppose 3*b - 10 = -5*x, -5 = -3*x - 5*b + d*b. What is the remainder when x is divided by 2?
1
Let j = 0 - -1. Calculate the remainder when (-1)/((-1)/(4/2)) is divided by j.
0
Suppose -3*g - 7318 + 1558 = 0. What is the remainder when 107 is divided by g/(-70) + (-3)/7?
26
Let x(g) = g**3 + 7*g**2 + 3*g + 6. Let y(c) = c**3 - 2*c**2 - 5*c - 2. Let d be y(4). Let z = d - -4. What is the remainder when x(-5) is divided by z?
13
Let l = 77 - 37. Let r = 73 - l. Let z(g) = g**3 + 9*g**2 - g. Calculate the remainder when r is divided by z(-9).
6
Let b(t) = -t + 3. Let u be b(3). Suppose u = 2*q - 3*k - 95, -2*q + 5*k + 185 = 2*q. What is the remainder when q is divided by 36/3 + (1 - -1)?
12
Let a = 6 - 3. Suppose -d = 0, -5*q + a*d + d = -105. Calculate the remainder when 82 is divided by q.
19
Let v be (1 - 1 - 0) + 0. Suppose u + 4*u - 310 = v. Let b = u - 42. What is the remainder when b is divided by 7?
6
Let d = -2 - -5. Suppose 0 = 4*r + 4*a - 28, 2*r + 2*r - 30 = -2*a. Calculate the remainder when r is divided by d.
2
Suppose 5*r - 45 = 3*t - 8, 3 = 3*t. Suppose -5*n - 48 = -r*n. What is the remainder when 46 is divided by n?
14
Suppose -2*z - 2*z = -36. Let n = 2 + -1. What is the remainder when n/(2/32) + 0 is divided by z?
7
Suppose 204 - 28 = 4*u + 2*k, 0 = -3*k. Suppose -j - 12 = -u. Suppose -j = -4*v + 12. What is the remainder when 21 is divided by v?
10
Let p(i) = 2*i + 9. Let o be p(-6). Let f = -2 - o. Let d = f - -11. What is the remainder when 45 is divided by d?
9
Let u(f) = f**2 - 15*f + 24. What is the remainder when u(15) is divided by 9?
6
Let h(q) = -q**2 + 7*q + 2. Let l(y) = -y**2 + 5*y - 5. What is the remainder when h(7) is divided by l(2)?
0
Let t(d) = -9*d + 5. Let q(c) = 63*c - 36. Let y(r) = 2*q(r) + 15*t(r). Let l be y(5). Let n = -22 - l. Calculate the remainder when 57 is divided by n.
17
Suppose -33*c + 28*c + 90 = 0. What is the remainder when c is divided by 16?
2
Suppose 0 = 3*w + v - 96, 75 - 21 = 2*w + 4*v. Let b = 65 - w. Calculate the remainder when b is divided by 11.
10
Suppose -2*i + 4 = -i. What is the remainder when 11 is divided by i?
3
Let j = 8 - 3. Suppose 2*l + 1 = -2*p - j, 2*p = 5*l - 6. Suppose -2*g + 4 + 4 = l. Calculate the remainder when 13 is divided by g.
1
Let b(l) = l**3 + 15*l**2 + 5. Let r be b(-15). Suppose 0 = t + 2*j - j - r, -4*t = -4*j - 60. Calculate the remainder when 37 is divided by t.
7
Suppose 24 = 3*r - 7*r. Let y = -3 - r. Calculate the remainder when (-3 - -1)/(3/(-12)) is divided by y.
2
Suppose 310 = 4*m + 66. Suppose a - 4*a = -9. Suppose a*u = 9, -2*t - 2*u + 12 = -26. What is the remainder when m is divided by t?
13
Let m(a) = -a**3 + 6*a**2 + 5*a - 7. What is the remainder when m(3) is divided by (-116)/(-10) + 10/25?
11
Suppose -a = 4, -2*d + 0*a = 5*a + 14. Let u = d + -2. Let k = -21 + 24. What is the remainder when k is divided by u?
0
Let d(g) = g**2 - 10*g + 10. Let h be d(8). Let z(m) = m**2 + m - 1. What is the remainder when z(h) is divided by 15?
14
Let i = 767 - 450. What is the remainder when i is divided by 32?
29
Let g(h) = 2*h + 4. Calculate the remainder when 19 is divided by g(2).
3
Let c = 11 - 2. Let j(n) = -n - 6. What is the remainder when c is divided by j(-9)?
0
Let g = 63 - 48. Calculate the remainder when g is divided by 10.
5
Suppose 5*m - 2*m - 15 = 0. Calculate the remainder when 650/8 + m/(-20) is divided by 28.
25
Let s be -2 + 2 - 0 - -2. Let g = 0 - s. Let t = g - -4. What is the remainder when t is divided by 1?
0
Suppose 0 = -5*g + 3*j + 388, -g + j = -3*g + 153. Suppose -3*r - 83 = -2*f, -r = 3*f + 4*r - g. What is the remainder when 101 is divided by f?
33
Suppose c - 5 + 2 = -3*g, 4*g + 8 = 0. Suppose -s + 5 = -0*s. Suppose 0 = -0*v + s*v - 2*i - 17, 2*i - 13 = -v. What is the remainder when c is divided by v?
4
Let j(l) = -l + 7. Let k(r) = -r - 3. Let w be k(-3). Calculate the remainder when j(w) is divided by ((-168)/9)/(-4)*(-78)/(-91).
3
Let i(b) = -b**3 - 3*b**2 - 2*b - 2. Let m be i(-3). Suppose 0*l = m*l - 48. Let j(w) = 6*w - 8. Calculate the remainder when j(7) is divided by l.
10
Suppose -5*y + 2*m + 227 = -122, y + 4*m - 83 = 0. Suppose 0 = 3*w + 8 - y. What is the remainder when w is divided by 6?
3
Let x be ((-4)/4)/(2/(-4)). Let c(h) = 6*h**2 - 4*h + 3. Calculate the remainder when 55 is divided by c(x).
17
Let d(t) = t**2 + 4*t + 5. Let n be d(-7). Let l be (-6)/(-18) - n/6. Let w(x) = x**2 + 4*x + 3. Calculate the remainder when 4 is divided by w(l).
1
Let p(a) = 2*a**2 - a - 1. What is the remainder when p(7) is divided by 31?
28
Suppose -57*a = -62*a + 215. Let r(v) = 14*v**2 + 1. What is the remainder when a is divided by r(-1)?
13
Let m = -147 + 163. Calculate the remainder when 110 is divided by m.
14
Calculate the remainder when 12*7 - (-7 + 3 - -3) is divided by 11.
8
Let c = 2 + -1. Let g = 1 - c. Suppose u - 2 = 3*x + 2*x, g = 3*u + x - 22. Calculate the remainder when 20 is divided by u.
6
Suppose 18 = 4*a - 122. Let g = 59 - a. Calculate the remainder when 45 is divided by g.
21
Let a(c) = -3*c + 3. Let s = 63 - 28. Calculate the remainder when s is divided by a(-5).
17
Let p(m) = 5*m + 4. Suppose 5*d - 13 - 12 = 0. Suppose 0*j + d = j. What is the remainder when p(3) is divided by j?
4
Suppose 3*q + 0*a + 231 = a, 5*q + a = -393. Let f = -36 - q. What is the remainder when f is divided by 11?
9
Let c(g) = 1. Let b(x) = 4*x - 5. Let v(n) = -b(n) - 5*c(n). Calculate the remainder when v(-2) is divided by 5.
3
Let q be (2 + (-1 - 0))*0